50*f**2 - 33*f + 72. Let c(x) = 6*a(x) + 17*m(x). Is c(26) prime?
False
Suppose -2*y + 4*u = -17776, 0*y - 2*u = 5*y - 44500. Suppose -45210 = -24*h - y. Is h a composite number?
True
Let t(b) = -9*b**2 - 11*b + 2. Let w(f) = 18*f**2 + 21*f - 4. Let q(u) = 5*t(u) + 3*w(u). Let a be -9 - (-24)/16*2. Is q(a) prime?
False
Let w = 266397 + -135440. Is w a prime number?
True
Let d = -14 - -12. Let f be 21*(18/(-42))/(6/(-4)). Is 3101 + (d*f/(-4) - 1) a prime number?
False
Let p(r) = 4*r**2 - 31*r - 6. Let o be p(8). Is 1/(-5*o/(-16570)*1) composite?
False
Is (2/7 - (-9 + (-4952680)/56)) + -3 prime?
False
Suppose -4*m + 1614318 = 27*m - 1433137. Is m prime?
False
Let f(o) = -o**3 + 20*o**2 - 2*o - 8. Let w be f(14). Suppose -1898 = -5*j + k, 4*j = j + k + w. Is j a composite number?
False
Let d be 54/8 - (-27)/(-36). Suppose d*h - 2021 = 29545. Let g = h + -3690. Is g a composite number?
False
Suppose 17*h - 40*h - 31602 = 0. Let f = h - -5447. Is f composite?
False
Let v = -17548 + 5791. Let k = v + 42092. Is k a composite number?
True
Suppose -14*z - 9 = -11*z. Let p(s) = 2*s - 8. Let m(k) = -k + 8. Let o(v) = -3*m(v) - 4*p(v). Is o(z) prime?
True
Let j(y) = -28*y**3 - 14*y**2 + 5*y + 1050. Is j(-23) a composite number?
True
Suppose -5*j + 17 + 18 = 0. Let s(v) = 21*v**2 + v + 19. Let p be s(j). Suppose -408 = -3*g - 5*a + p, -5*a + 20 = 0. Is g a composite number?
True
Suppose 4*g = 6*g - 12120. Let v(x) = -3449*x**2 - 6*x + 6. Let t be v(1). Let b = t + g. Is b prime?
False
Suppose 214 + 374 = 7*p. Is 1*159*140/p a prime number?
False
Is (-6 - (-4233171)/6) + 13/((-208)/24) a composite number?
False
Suppose 34*g = -25*g + 5554909. Is g a prime number?
True
Let f = -115148 + 190579. Is f prime?
True
Let h be (-6)/51 + -16935*(-10)/255. Let q = -373 + h. Is q a prime number?
False
Suppose 9*g - 8913 = 8*g. Let t = g - -2626. Is t composite?
True
Let q = -36138 - -144449. Is q a prime number?
False
Let j be 158/18 - (1 + (-11)/9). Suppose -5*a + j*a = 20. Suppose -c + 1564 = 3*f, 6341 = 4*c - 0*f - a*f. Is c composite?
False
Let l be 16/6 - ((-44)/(-6))/11. Suppose -4*a = -l*f + 3094, -f + 4*a - 28 = -1579. Is f a prime number?
True
Suppose -64*a + b = -68*a + 273530, 0 = 4*a - 4*b - 273540. Is a a composite number?
True
Suppose 81154 = 4*k - 3*y, -3*k = 145*y - 140*y - 60851. Is k a composite number?
False
Let x be 86546/30 - (-18)/135. Suppose v = -2*q + 8058 + 12734, 0 = 5*q + 5*v - 51990. Suppose 0 = -3*c + q - x. Is c composite?
False
Suppose 5*b = -5*a + 85, 5*a + 6 = 3*a. Suppose -y + 6153 = b*y. Is y composite?
False
Let o(t) = 3100*t**2 + 5*t + 2. Let u be o(4). Let r = -28485 + u. Is r prime?
False
Is -3*((-61)/12*7010 - 61/366) a prime number?
True
Suppose -5*u - 4*m + 87460 = 0, 16*m = -5*u + 11*m + 87465. Let y = u - 9225. Is y prime?
True
Let p = -417870 + 653089. Is p composite?
True
Suppose -4*s + 16*g - 17*g + 1827053 = 0, 456762 = s - g. Is s a prime number?
True
Suppose -4*p + 4*a + 47864 = 0, 214*p + 3*a = 211*p + 35916. Is p composite?
False
Let u(g) = -12*g**3 + 2*g**2 - 3*g + 1. Let r be u(1). Is (-8)/3 + (-256364)/r a prime number?
False
Let h(g) = g**2 - 20*g + 37. Let q be h(18). Let u be 1 + q + (-4296)/(-8). Let v = u - 210. Is v a prime number?
False
Let w(m) = 829*m + 130. Is w(21) composite?
False
Let l(v) = 2901*v + 1151. Is l(22) a prime number?
False
Let h(k) be the third derivative of -2*k**2 + 305/24*k**4 - 7/3*k**3 + 0*k + 0. Is h(8) composite?
True
Let v(c) = -2*c + 14. Let x be v(6). Suppose x*l + 2*l + i - 5171 = 0, -i = -l + 1294. Is l prime?
False
Let t(c) = 2*c**2 + 12*c - 3. Let u be t(-7). Suppose -u*f = -9*f - 1588. Is f a prime number?
False
Let u be 4/16 - 22/(-8). Let t(m) = 8200*m + 9. Let g be t(u). Is (g/(-52))/(6/(-8)) composite?
False
Is 7 + 2406534/18 - (-4)/(-3) prime?
False
Suppose 13*x + 32*x - 532685 = 641050. Is x prime?
True
Suppose -2192 - 178 = 5*u. Let q be 10/((22/(-10945))/((-3)/15)). Let n = q + u. Is n composite?
False
Suppose -5*s = -3*j + 4*j - 125938, 377814 = 3*j - s. Suppose -20*b = -j - 64242. Is b a prime number?
False
Let z = 123 + -116. Let n(k) = 22*k**2 - 9*k - 6. Is n(z) a prime number?
True
Let r(a) = 13044*a**2 + 18*a + 23. Is r(-2) composite?
False
Suppose 9*z = -27*z + 1743073 + 3719171. Is z composite?
False
Suppose 2*b + 3*b + 199 = 2*r, r + b = 103. Let x = r + 89. Is x a composite number?
False
Let r be (-4 + -458 + -16)/(2/7). Suppose 4*w - 3*y - 21801 = 0, 4*w = 3*y + 2*y + 21807. Let l = w - r. Is l a prime number?
True
Suppose 7*n - 10*n = -18. Suppose 0 = n*p - 2 + 26. Let k(c) = 13*c**2 + c - 1. Is k(p) a composite number?
True
Is -5*(-2)/(-2) + 7/(49/385588) a prime number?
True
Is 390908/28 + -1*(3 - -1) a composite number?
True
Let c(r) = -331*r + 7. Let j be c(-3). Let w = j - 274. Suppose 4*m - w = 38. Is m prime?
True
Let s = -297907 - -1002804. Is s prime?
True
Is (((-84664)/(-12))/(-38))/((-2)/138) composite?
True
Let g(q) = q**3 + 8*q**2 + 3*q + 26. Let u be g(-6). Is (-10)/(u/(-45336)) + 2 a prime number?
True
Let z = 8 - 10. Let d be ((-24)/16)/(z - 3/(-2)). Suppose d*h = 6*h - 1041. Is h a prime number?
True
Suppose 4621 = q - 2*p, 3590 = 3*q + 3*p - 10246. Is ((-52)/(-39))/(2/(-3)) + q composite?
True
Let y = 2877 - -4743. Let t = y + 6971. Is t a prime number?
True
Let b(y) = 6*y**3 + 2*y**2 - 7*y + 6. Let h be b(1). Suppose m + h*r - 7330 = 10*r, 4*m + 4*r = 29272. Is m prime?
True
Suppose -58*k + 17*k + 282859 = 0. Is k a prime number?
True
Suppose -y + 30 = -5*t + 1, 10 = -5*t. Suppose 2*a - 41 = 3*o, 2*a - o - 12 - y = 0. Suppose -16*w = -a*w - 1335. Is w a composite number?
True
Let i = 839297 - 487768. Is i a composite number?
False
Suppose -11*l + 51095 = -138171. Let n = l + -9707. Is n a composite number?
False
Let n be (14 - 13)*(-3 - -2). Let q(a) = -2 - 52*a - 116*a + 0. Is q(n) a composite number?
True
Let h(r) = 5*r**2 + 33*r - 50. Let p be h(-15). Suppose 0 = -q + m + p + 2160, 2*m = -5*q + 13665. Is q prime?
False
Suppose 5*o - 20 = 10*o. Let x(v) = v - 3. Let k be x(o). Let l(b) = 71*b**2 + 5*b - 11. Is l(k) a prime number?
True
Suppose 2*k = -a - 15, 0*a = -4*a - k - 60. Let i = -325 - -329. Is (12/a)/i - (-3946)/5 composite?
True
Suppose -a = o - 5*a - 93805, -2*o + a = -187617. Is o composite?
False
Let o(x) = 2*x**3 + 7*x**2 + x + 44. Let g be o(13). Suppose -22*f - g = -63208. Is f a prime number?
True
Suppose k - 1743122 = -116*x + 112*x, k = -2*x + 871560. Is x a composite number?
True
Let w = 28 + -15. Let k(z) = -32 + 3*z**2 + 17*z + 7*z - 38*z. Is k(w) prime?
True
Let a(l) = -13 + 5*l - 13 - 3*l + 23. Let x be a(1). Is (-5998)/(-3 - -1) - (-1 - x) composite?
False
Let r = 976 + 2569. Is r a composite number?
True
Suppose -n - 22 = -12*n. Suppose 5*g = 2*s + 25, n*s = 3*g - 14 - 1. Suppose -5*i + 3*u = 6*u - 2405, g*i - 2*u = 2405. Is i composite?
True
Suppose 336 = 64*v + 20*v. Let h(a) = -a**3 + 2*a**2 + a. Let l be h(2). Suppose -4*m + 3*k + 4801 = m, v*k = l*m - 1926. Is m a composite number?
True
Let c(o) = -3*o - 4. Let k(j) = -j**2 + 5*j + 18. Let i be k(8). Let y be c(i). Suppose y*s - 18*s + 1564 = 0. Is s composite?
True
Suppose 0 = z - 1, -3*t - 9752 = -5*t - 4*z. Suppose -2*d - 508 + t = 0. Is d a prime number?
False
Let u(q) = -5*q**2 - 3*q - 4. Let s be u(-1). Let p(b) = -508*b - 21. Is p(s) a composite number?
True
Let h(s) = -95*s**2 - 46 + 51*s**2 + 48*s**2 + 7*s. Is h(7) a prime number?
True
Let w be 12/(-20) + 6/10. Let g be (-12)/48*(1 - 9). Suppose -g*l + 3*f + 251 = -w*f, 636 = 5*l + f. Is l a prime number?
True
Let u be 15/10*-36782*20/6. Let a = 263705 + u. Is a a composite number?
True
Let n be (-6 - (-23754)/12)*-2. Let w = 8052 + n. Is w a composite number?
True
Let h = 51 - 51. Suppose h = 26*p - 6*p - 409100. Is p prime?
False
Suppose -2*j - 69050 = 1526. Let i be 8/(-18) - j/18. Suppose r - 2*n = 1259, 5*r - 4295 - i = 2*n. Is r a composite number?
False
Let q(h) = -h - 1. Let x be q(-1). Suppose x = -12*t + 11*t. Suppose -i + l + 261 = -t*l, i - 5*l = 253. Is i a composite number?
False
Let z = 55 - 51. Let l be -1*(20/z + -1). Let c(r) = 15*r**2 + 5*r - 9. Is c(l) a composite number?
False
Suppose n + u - 1560601 = 0, -2*n + 889718 = -u - 2231496. Is n a composite number?
True
Sup